s digit of 268587?
8
What is the hundred thousands digit of 7871875?
8
What is the thousands digit of 156028?
6
What is the hundreds digit of 150315?
3
What is the thousands digit of 2923951?
3
What is the tens digit of 218856?
5
What is the tens digit of 172568?
6
What is the units digit of 166576?
6
What is the hundreds digit of 6673007?
0
What is the millions digit of 1093119?
1
What is the ten thousands digit of 212230?
1
What is the ten thousands digit of 256736?
5
What is the thousands digit of 4697065?
7
What is the thousands digit of 4533265?
3
What is the ten thousands digit of 64610?
6
What is the hundred thousands digit of 3181653?
1
What is the tens digit of 4312420?
2
What is the hundred thousands digit of 13309530?
3
What is the hundreds digit of 1836329?
3
What is the ten thousands digit of 422747?
2
What is the hundreds digit of 351810?
8
What is the millions digit of 16447078?
6
What is the thousands digit of 3903290?
3
What is the thousands digit of 12486?
2
What is the ten thousands digit of 1255501?
5
What is the ten thousands digit of 2612533?
1
What is the hundred thousands digit of 17106939?
1
What is the ten thousands digit of 7907134?
0
What is the tens digit of 30881?
8
What is the tens digit of 8480054?
5
What is the units digit of 8553268?
8
What is the ten thousands digit of 25112719?
1
What is the hundreds digit of 366340?
3
What is the hundreds digit of 1174021?
0
What is the thousands digit of 103480?
3
What is the tens digit of 2145640?
4
What is the millions digit of 3600748?
3
What is the thousands digit of 15919991?
9
What is the millions digit of 6889120?
6
What is the tens digit of 3909786?
8
What is the hundreds digit of 4657329?
3
What is the tens digit of 1233927?
2
What is the tens digit of 5134267?
6
What is the hundred thousands digit of 1849953?
8
What is the thousands digit of 2955138?
5
What is the ten thousands digit of 34689?
3
What is the thousands digit of 3543520?
3
What is the hundreds digit of 13596466?
4
What is the units digit of 280114?
4
What is the tens digit of 512492?
9
What is the hundreds digit of 215513?
5
What is the hundreds digit of 5681907?
9
What is the hundred thousands digit of 818009?
8
What is the hundred thousands digit of 366098?
3
What is the hundred thousands digit of 1110926?
1
What is the hundred thousands digit of 9178510?
1
What is the ten thousands digit of 679097?
7
What is the units digit of 441727?
7
What is the tens digit of 17241160?
6
What is the hundred thousands digit of 3215642?
2
What is the hundred thousands digit of 2555030?
5
What is the ten thousands digit of 141075?
4
What is the units digit of 885782?
2
What is the tens digit of 22666585?
8
What is the tens digit of 699834?
3
What is the thousands digit of 157110?
7
What is the hundred thousands digit of 4949849?
9
What is the hundreds digit of 4649018?
0
What is the hundred thousands digit of 214174?
2
What is the thousands digit of 282454?
2
What is the hundred thousands digit of 272109?
2
What is the thousands digit of 8767059?
7
What is the hundred thousands digit of 1968349?
9
What is the hundred thousands digit of 149925?
1
What is the tens digit of 6997871?
7
What is the hundred thousands digit of 319262?
3
What is the hundreds digit of 894806?
8
What is the thousands digit of 796380?
6
What is the tens digit of 102927?
2
What is the hundred thousands digit of 26397964?
3
What is the tens digit of 116720?
2
What is the millions digit of 1409461?
1
What is the hundred thousands digit of 29415319?
4
What is the tens digit of 5811?
1
What is the thousands digit of 379468?
9
What is the millions digit of 23308360?
3
What is the units digit of 228863?
3
What is the units digit of 8614434?
4
What is the hundred thousands digit of 2528108?
5
What is the units digit of 741950?
0
What is the thousands digit of 1685876?
5
What is the tens digit of 2344132?
3
What is the ten thousands digit of 19246?
1
What is the thousands digit of 17681310?
1
What is the hundred thousands digit of 609698?
6
What is the ten thousands digit of 625823?
2
What is the tens digit of 925115?
1
What is the ten thousands digit of 379003?
7
What is the hundreds digit of 215287?
2
What is the hundreds digit of 1666898?
8
What is the units digit of 3034951?
1
What is the millions digit of 2581211?
2
What is the tens digit of 1070041?
4
What is the millions digit of 1807817?
1
What is the ten thousands digit of 2824840?
2
What is the tens digit of 548832?
3
What is the tens digit of 5013143?
4
What is the hundred thousands digit of 7035318?
0
What is the ten thousands digit of 2032494?
3
What is the hundred thousands digit of 271354?
2
What is the millions digit of 4325936?
4
What is the hundreds digit of 1390207?
2
What is the ten thousands digit of 572508?
7
What is the hundred thousands digit of 1207450?
2
What is the ten thousands digit of 1692405?
9
What is the ten thousands digit of 11377833?
7
What is the hundreds digit of 130854?
8
What is the thousands digit of 2629949?
9
What is the hundreds digit of 141659?
6
What is the hundreds digit of 9605135?
1
What is the ten thousands digit of 69422?
6
What is the ten thousands digit of 8302455?
0
What is the hundred thousands digit of 22393983?
3
What is the thousands digit of 1153649?
3
What is the ten thousands digit of 215368?
1
What is the ten thousands digit of 26360?
2
What is the units digit of 74750?
0
What is the ten thousands digit of 3831822?
3
What is the units digit of 5011179?
9
What is the ten thousands digit of 1652527?
5
What is the millions digit of 2707900?
2
What is the thousands digit of 10233879?
3
What is the units digit of 5596218?
8
What is the millions digit of 31211956?
1
What is the thousands digit of 1511395?
1
What is the thousands digit of 558081?
8
What is the tens digit of 143180?
8
What is the units digit of 2549114?
4
What is the millions digit of 6542811?
6
What is the ten thousands digit of 37762587?
6
What is the thousands digit of 20256986?
6
What is the hundreds digit of 895020?
0
What is the units digit of 2400400?
0
What is the tens digit of 56509?
0
What is the tens digit of 3369016?
1
What is the hundreds digit of 167349?
3
What is the units digit of 11945875?
5
What is the ten thousands digit of 24551145?
5
What is the ten thousands digit of 36973?
3
What is the thousands digit of 13007?
3
What is the millions digit of 3944857?
3
What is the hundred thousands digit of 164777?
1
What is the tens digit of 106597?
9
What is the units digit of 368855?
5
What is the units digit of 1004497?
7
What is the units digit of 2056088?
8
What is the thousands digit of 211887?
1
What is the ten thousands digit of 12495077?
9
What is the thousands digit of 299886?
9
What is the tens digit of 15627810?
1
What is the thousands digit of 1170363?
0
What is the hundreds digit of 3336?
3
What is the tens digit of 164079?
7
What is the thousands digit of 655744?
5
What is the ten thousands digit of 702097?
0
What is the hundred thousands digit of 4073742?
0
What is the millions digit of 4249293?
4
What is the hundreds digit of 83418?
4
What is the units digit of 1054444?
4
What is the hundred thousands digit of 12405288?
4
What is the thousands digit of 15495840?
5
What is the tens digit of 279812?
1
What is the hundred thousands digit of 908906?
9
What is the thousands digit of 416625?
6
What is the hundred thousands digit of 924806?
9
What is the ten millions digit of 14721223?
1
What is the units digit of 584540?
0
What is the hundreds digit of 208572?
5
What is the thousands digit of 23286?
3
What is the tens digit of 480950?
5
What is the thousands digit of 644436?
4
What is the hundreds digit of 5944061?
0
What is the hundreds digit of 167187?
1
What is the thousands digit of 2279846?
9
What is the hundreds digit of 934083?
0
What is the ten thousands digit of 168935?
6
What is the units digit of 379103?
3
What is the ten thousands digit of 31920001?
2
What is the units digit of 9173776?
6
What is the thousands digit of 2121683?
1
What is the hundreds digit of 394691?
6
What is the thousands digit of 267484?
7
What is the tens digit of 22381245?
4
What is the thousands digit of 1873577?
3
What is the millions digit of 1273015?
1
What is the tho